{"id":1667,"date":"2025-07-18T09:10:58","date_gmt":"2025-07-18T09:10:58","guid":{"rendered":"https:\/\/demo.scoutseurope-boulogne.fr\/?page_id=1667"},"modified":"2026-02-04T11:36:17","modified_gmt":"2026-02-04T11:36:17","slug":"espace-parents","status":"publish","type":"page","link":"https:\/\/demo.scoutseurope-boulogne.fr\/?page_id=1667","title":{"rendered":"Espace Parents"},"content":{"rendered":"\t\t<div data-elementor-type=\"wp-page\" data-elementor-id=\"1667\" class=\"elementor elementor-1667\">\n\t\t\t\t<div class=\"elementor-element elementor-element-4bf4119 e-flex e-con-boxed e-con e-parent\" data-id=\"4bf4119\" data-element_type=\"container\">\n\t\t\t\t\t<div class=\"e-con-inner\">\n\t\t\t\t<div class=\"elementor-element elementor-element-9ff5bd9 elementor-widget elementor-widget-heading\" data-id=\"9ff5bd9\" data-element_type=\"widget\" data-widget_type=\"heading.default\">\n\t\t\t\t\t<h2 class=\"elementor-heading-title elementor-size-default\">Le r\u00f4le des parents dans la vie du groupe<\/h2>\t\t\t\t<\/div>\n\t\t\t\t<div class=\"elementor-element elementor-element-9b06c65 blackColor elementor-widget elementor-widget-text-editor\" data-id=\"9b06c65\" data-element_type=\"widget\" data-widget_type=\"text-editor.default\">\n\t\t\t\t\t\t\t\t\t<p data-start=\"439\" data-end=\"596\">Le scoutisme repose sur une relation de confiance entre les familles et l\u2019\u00e9quipe de chefs. Les parents sont des partenaires essentiels du projet \u00e9ducatif :<\/p><ul data-start=\"597\" data-end=\"829\"><li data-start=\"597\" data-end=\"645\"><p data-start=\"599\" data-end=\"645\">ils soutiennent l\u2019engagement de leur enfant,<\/p><\/li><li data-start=\"646\" data-end=\"741\"><p data-start=\"648\" data-end=\"741\">ils participent \u00e0 la vie du groupe lors des temps forts (rentr\u00e9e, f\u00eates, messes, r\u00e9unions),<\/p><\/li><li data-start=\"742\" data-end=\"829\"><p data-start=\"744\" data-end=\"829\">ils contribuent, selon leurs possibilit\u00e9s, au bon d\u00e9roulement de certaines activit\u00e9s.<\/p><\/li><\/ul><p data-start=\"831\" data-end=\"951\">Cette collaboration permet de garantir un cadre \u00e9ducatif coh\u00e9rent et bienveillant.<\/p>\t\t\t\t\t\t\t\t<\/div>\n\t\t\t\t<div class=\"elementor-element elementor-element-acf7791 elementor-widget elementor-widget-heading\" data-id=\"acf7791\" data-element_type=\"widget\" data-widget_type=\"heading.default\">\n\t\t\t\t\t<h2 class=\"elementor-heading-title elementor-size-default\">Documents administratifs<\/h2>\t\t\t\t<\/div>\n\t\t\t\t<div class=\"elementor-element elementor-element-64eeb2d blackColor elementor-widget elementor-widget-text-editor\" data-id=\"64eeb2d\" data-element_type=\"widget\" data-widget_type=\"text-editor.default\">\n\t\t\t\t\t\t\t\t\t<p data-start=\"989\" data-end=\"1103\">Pour assurer le bon fonctionnement du groupe et la s\u00e9curit\u00e9 des jeunes, certains documents sont indispensables :<\/p><ul data-start=\"1104\" data-end=\"1228\"><li data-start=\"1104\" data-end=\"1128\"><p data-start=\"1106\" data-end=\"1128\">fiche d\u2019inscription,<\/p><\/li><li data-start=\"1129\" data-end=\"1149\"><p data-start=\"1131\" data-end=\"1149\">fiche sanitaire,<\/p><\/li><li data-start=\"1150\" data-end=\"1179\"><p data-start=\"1152\" data-end=\"1179\">autorisations parentales,<\/p><\/li><li data-start=\"1180\" data-end=\"1228\"><p data-start=\"1182\" data-end=\"1228\">r\u00e8glement int\u00e9rieur et charte de comportement.<\/p><\/li><\/ul><p data-start=\"1230\" data-end=\"1382\">Ces documents sont \u00e0 remettre compl\u00e9t\u00e9s et sign\u00e9s en d\u00e9but d\u2019ann\u00e9e ou lors de l\u2019inscription. Ils peuvent \u00eatre mis \u00e0 jour en cours d\u2019ann\u00e9e si n\u00e9cessaire.<\/p>\t\t\t\t\t\t\t\t<\/div>\n\t\t\t\t\t<\/div>\n\t\t\t\t<\/div>\n\t\t<div class=\"elementor-element elementor-element-b7b9a63 e-flex e-con-boxed e-con e-parent\" data-id=\"b7b9a63\" data-element_type=\"container\">\n\t\t\t\t\t<div class=\"e-con-inner\">\n\t\t\t\t<div class=\"elementor-element elementor-element-60a57bb elementor-widget elementor-widget-wpo-khairah_about\" data-id=\"60a57bb\" data-element_type=\"widget\" data-settings=\"{&quot;title_shape&quot;:{&quot;url&quot;:&quot;&quot;,&quot;id&quot;:&quot;&quot;,&quot;size&quot;:&quot;&quot;,&quot;alt&quot;:&quot;&quot;,&quot;source&quot;:&quot;library&quot;},&quot;about_image&quot;:{&quot;url&quot;:&quot;https:\\\/\\\/demo.scoutseurope-boulogne.fr\\\/wp-content\\\/uploads\\\/2026\\\/01\\\/IMG_4275.jpg&quot;,&quot;id&quot;:1771,&quot;size&quot;:&quot;&quot;,&quot;alt&quot;:&quot;&quot;,&quot;source&quot;:&quot;library&quot;},&quot;about_shape&quot;:{&quot;url&quot;:&quot;&quot;,&quot;id&quot;:&quot;&quot;,&quot;size&quot;:&quot;&quot;,&quot;alt&quot;:&quot;&quot;,&quot;source&quot;:&quot;library&quot;}}\" data-widget_type=\"wpo-khairah_about.default\">\n\t\t\t\t<div class=\"elementor-widget-container\">\n\t\t\t\t\t\t\t<div class=\"about-area\">\n\t\t\t<div class=\"container\">\n\t\t\t\t<div class=\"row\">\n\t\t\t\t\t<div class=\"col-lg-5 col-md-12  grid col-12\">\n\t\t\t\t\t\t<div class=\"about-cercle\">\n\t\t\t\t\t\t\t<div class=\"about-img\">\n\t\t\t\t\t\t\t\t<img decoding=\"async\" src=\"https:\/\/demo.scoutseurope-boulogne.fr\/wp-content\/uploads\/2026\/01\/IMG_4275.jpg\" alt=\"\">\t\t\t\t\t\t\t<\/div>\n\t\t\t\t\t\t<\/div>\n\t\t\t\t\t<\/div>\n\t\t\t\t\t<div class=\"col-lg-6 offset-lg-1 grid  col-md-12 col-12\">\n\t\t\t\t\t\t<div class=\"about-text\">\n\t\t\t\t\t\t\t<div class=\"section-title\">\n\t\t\t\t\t\t\t\t<div class=\"thumb-text\" >\n\t\t\t\t\t\t\t\t\t\t\t\t\t\t\t\t\t<\/div>\n\t\t\t\t\t\t\t\t<h2>Accompagner son enfant dans le scoutisme<\/h2>\t\t\t\t\t\t\t<\/div>\n\t\t\t\t\t\t\t<h6 data-start=\"2766\" data-end=\"2875\">Le scoutisme est une aventure qui se vit aussi en famille. Les parents peuvent accompagner leur enfant en :<\/h6><ul data-start=\"2876\" data-end=\"3068\"><li data-start=\"2876\" data-end=\"2924\"><h6 data-start=\"2878\" data-end=\"2924\">valorisant son engagement et sa progression,<\/h6><\/li><li data-start=\"2925\" data-end=\"2984\"><h6 data-start=\"2927\" data-end=\"2984\">l\u2019aidant \u00e0 se pr\u00e9parer pour les activit\u00e9s et les camps,<\/h6><\/li><li data-start=\"2985\" data-end=\"3068\"><h6 data-start=\"2987\" data-end=\"3068\">encourageant l\u2019autonomie et le sens des responsabilit\u00e9s acquis au sein du groupe.<\/h6><\/li><\/ul>\t\t\t\t\t\t\t<div class=\"ab-icon-area\">\n\t\t\t\t\t\t\t\t<div class=\"about-icon-wrap\">\n\t\t\t\t\t\t\t\t\t\t\t\t\t\t\t\t\t\t\t\t<div class=\"about-icon-item\">\n\t\t\t\t\t\t\t\t\t\t\t\t<div class=\"ab-icon\">\n\t\t\t\t\t\t\t\t\t\t\t\t\t\t\t\t\t\t\t\t\t\t\t\t\t<\/div>\n\t\t\t\t\t\t\t\t\t\t\t\t<div class=\"ab-text\">\n\t\t\t\t\t\t\t\t\t\t\t\t\t\t\t\t\t\t\t\t\t\t\t\t\t<\/div>\n\t\t\t\t\t\t\t\t\t\t\t<\/div>\n\t\t\t\t\t\t\t\t\t\t\t\t\t\t\t\t\t<\/div>\n\t\t\t\t\t\t\t<\/div>\n\t\t\t\t\t\t\t<div class=\"about-btn\">\n\t\t\t\t\t\t\t\t\t\t\t\t\t\t\t<\/div>\n\t\t\t\t\t\t<\/div>\n\t\t\t\t\t<\/div>\n\t\t\t\t<\/div>\n\t\t\t<\/div>\n\t\t\t<div class=\"ab-shape\">\n\t\t\t\t\t\t\t<\/div>\n\t\t<\/div>\n\t\t\t\t<\/div>\n\t\t\t\t<\/div>\n\t\t\t\t\t<\/div>\n\t\t\t\t<\/div>\n\t\t\t\t<\/div>\n\t\t","protected":false},"excerpt":{"rendered":"Le r\u00f4le des parents dans la vie du groupe Le scoutisme repose sur une relation de confiance entre les familles et l\u2019\u00e9quipe de chefs. Les parents sont des partenaires essentiels du projet \u00e9ducatif : ils soutiennent l\u2019engagement de leur enfant, ils participent \u00e0 la vie du groupe lors des temps forts (rentr\u00e9e, f\u00eates, messes, r\u00e9unions), ","protected":false},"author":1,"featured_media":0,"parent":0,"menu_order":0,"comment_status":"closed","ping_status":"closed","template":"","meta":{"give_campaign_id":0,"inline_featured_image":false,"_monsterinsights_skip_tracking":false,"_monsterinsights_sitenote_active":false,"_monsterinsights_sitenote_note":"","_monsterinsights_sitenote_category":0,"footnotes":""},"class_list":["post-1667","page","type-page","status-publish","hentry"],"aioseo_notices":[],"campaignId":"","_links":{"self":[{"href":"https:\/\/demo.scoutseurope-boulogne.fr\/index.php?rest_route=\/wp\/v2\/pages\/1667","targetHints":{"allow":["GET"]}}],"collection":[{"href":"https:\/\/demo.scoutseurope-boulogne.fr\/index.php?rest_route=\/wp\/v2\/pages"}],"about":[{"href":"https:\/\/demo.scoutseurope-boulogne.fr\/index.php?rest_route=\/wp\/v2\/types\/page"}],"author":[{"embeddable":true,"href":"https:\/\/demo.scoutseurope-boulogne.fr\/index.php?rest_route=\/wp\/v2\/users\/1"}],"replies":[{"embeddable":true,"href":"https:\/\/demo.scoutseurope-boulogne.fr\/index.php?rest_route=%2Fwp%2Fv2%2Fcomments&post=1667"}],"version-history":[{"count":19,"href":"https:\/\/demo.scoutseurope-boulogne.fr\/index.php?rest_route=\/wp\/v2\/pages\/1667\/revisions"}],"predecessor-version":[{"id":2185,"href":"https:\/\/demo.scoutseurope-boulogne.fr\/index.php?rest_route=\/wp\/v2\/pages\/1667\/revisions\/2185"}],"wp:attachment":[{"href":"https:\/\/demo.scoutseurope-boulogne.fr\/index.php?rest_route=%2Fwp%2Fv2%2Fmedia&parent=1667"}],"curies":[{"name":"wp","href":"https:\/\/api.w.org\/{rel}","templated":true}]}}